hen 451 is divided by r?
77
Let t(v) = -7 + 3*v**2 - 4 - 3 + 13*v + 8*v. Let n(x) = -2*x**2 - 21*x + 15. Let y(j) = -4*n(j) - 3*t(j). Calculate the remainder when y(17) is divided by 20.
10
What is the remainder when 89 is divided by 10695/207 + ((-14)/(-6) - 1 - 1)?
37
Suppose -380 = -3*k + 1885 - 342. What is the remainder when 1282 is divided by k?
0
Suppose 0 = -41*d - 41355 + 47833. What is the remainder when d is divided by 2/(-3) - 92/(-3)?
8
Let o(q) = q**2 + 3*q - 3. Let s be o(2). Suppose s*z + 52 = 5*z. What is the remainder when 46 is divided by (-2 - -2) + -2 - z?
22
Suppose -4*o = 4*n + 2168, -4*n - 3*o = -2*o + 2174. Let t = 573 + n. What is the remainder when t is divided by 14?
1
Suppose -250 + 46 = 3*y. Let t = 8 - y. Calculate the remainder when t is divided by -2*(1 - 82/4).
37
Let o = 6150 + -5704. What is the remainder when 448 is divided by o?
2
What is the remainder when (680/(-30))/(2 + 5748/(-2871)) is divided by 27?
19
Let r = 664 + -435. Let d = r + -208. Calculate the remainder when 41 is divided by d.
20
Let x = 15365 + -12722. What is the remainder when x is divided by 5?
3
Suppose -33*i + 0*i + 1888 = -25*i. Calculate the remainder when i is divided by 116.
4
Suppose -4*r - 14*t = -18*t - 4284, r + 3*t = 1099. What is the remainder when r is divided by 135?
133
Let k = -5050 - -5883. Calculate the remainder when k is divided by 91.
14
Let b = -14 + 52. What is the remainder when 14/(-56)*4 - -225 is divided by b?
34
Let i = -1409 - -1449. What is the remainder when 1319 is divided by i?
39
Calculate the remainder when 5509 is divided by (272/(-170))/(3/(-195) - 0).
101
Suppose -4*s - 280 = 4*j, 4*j + 5*s + 255 = 6*s. Let b = -50 - j. What is the remainder when 40 is divided by b?
10
Let a(g) = 656*g + 2770. What is the remainder when 288 is divided by a(-4)?
142
Let h = 388 - 384. Suppose q - 118 + 92 = h*x, x + 38 = q. Calculate the remainder when q is divided by 12.
6
Calculate the remainder when 921 - (2 - 7) - (-3 + 5) is divided by 29.
25
Let d = -269 - -274. Suppose 82 = 5*y - 2*y - 2*a, -2*y = d*a - 23. What is the remainder when 191 is divided by y?
23
Let f(r) = -r**2 + 51*r - 42. What is the remainder when f(41) is divided by 22?
16
Let r(l) = -16*l - 379. What is the remainder when -3 - 1 - (-273)/7 is divided by r(-24)?
0
Let m = -624 - -510. Let k = m - -137. Calculate the remainder when 298 is divided by k.
22
Let b = -60 - -457. What is the remainder when b is divided by 21?
19
Calculate the remainder when 0 + 2 + (-16)/((-272)/8653) is divided by 86.
81
Suppose 5*y = 4*y + 10. Let r be (-4 - (-96)/30)*30. Let k(w) = -w**2 - 27*w - 27. Calculate the remainder when k(r) is divided by y.
5
Let p = 6 - 5. Suppose -2*v + 2 = -0, p = 2*k - 3*v. Suppose 0 = -x + k*x + 5*g - 1, -3*g - 89 = -5*x. Calculate the remainder when 95 is divided by x.
15
Suppose 116*t = 114*t - 6. What is the remainder when (t + 2)*101/(-1) is divided by ((-24)/(-9) + 3)*3?
16
Let n(i) = i**3 + 6*i**2 + i - 5. Let z be n(-6). What is the remainder when 60 is divided by 4/22 - (-8 - (-97)/z)?
9
Let h(u) be the first derivative of 10*u**2 - 82*u - 95. Calculate the remainder when h(13) is divided by 45.
43
Suppose -15440 - 7150 = -90*w. What is the remainder when w is divided by 36?
35
Let m(v) be the third derivative of -2*v**4/3 - 2*v**3/3 - v**2. Suppose 59 = 1108*z - 1167*z. Calculate the remainder when 71 is divided by m(z).
11
Suppose -21*u = -24*u + 15. Suppose -71 = u*q - 56. Calculate the remainder when 79 is divided by -4 - 44/(q - -2).
39
Suppose -4*j + 6 = -6*j. Let h be 3/(48/(-135)*j - 1). Let o = h + 6. Calculate the remainder when o is divided by 13.
12
Let b = 45857 + -34355. What is the remainder when b is divided by 28?
22
Suppose 3*j = -2*j - 5*f + 10, 4*j + 2*f - 14 = 0. Let k(x) = -2*x - 8 + 1 - x**2 - 4*x**3 + j - 2*x**2. What is the remainder when 85 is divided by k(-2)?
19
Suppose 7*q - 2*q + 52 = s, q = 5*s - 140. Suppose -s - 125 = -2*y - 5*i, 4*y - 3*i = 304. What is the remainder when 301 is divided by y?
73
Calculate the remainder when -1114*37/222*(-9)/3 is divided by 106.
27
Let f(n) = 11*n + 287. Suppose -200 = -2*a - 3*a. What is the remainder when a is divided by f(-24)?
17
Suppose -2*u = -5*u, -3*c = 2*u - 210. Let d = 167 - c. Let v = 9036 - 9002. What is the remainder when d is divided by v?
29
Let t(m) = m**3 + 6*m**2 - 14*m - 12. What is the remainder when 2806 is divided by t(-6)?
70
Let p be (-2 - 1*(-60)/8)*48. Suppose 13 = -263*a + p*a. What is the remainder when 46 is divided by a?
7
Suppose -3*s + p = -0*p - 31, -s - 5*p = -37. Suppose -s*n = 15*n - 108. Calculate the remainder when 40 is divided by n.
0
Let n = 534 - 514. Suppose 2*q - 3*q = 5*b - 28, -q + 8 = b. Suppose -q*c - 161 = -3*r + c, -4*r + 256 = 5*c. What is the remainder when r is divided by n?
19
Let i(l) = 339*l**2 + 13*l + 115. What is the remainder when i(4) is divided by 17?
15
Suppose -10 = -4*l - 5*y - 107, -5*l = -3*y + 112. Let t = l - -67. Calculate the remainder when (258/4)/(2/4) is divided by t.
41
Let d be (-1 - -1)*1/(-2). Suppose d = 5*y + 10, -5*v + 23 = y - 15. What is the remainder when (-3 + 25/(-5))*(-34)/v is divided by 19?
15
Suppose 166*t - 14324 + 3036 = 0. What is the remainder when 18835 is divided by t?
67
Suppose 5*y - 4*s - 134 = 0, -2*y = s - 5*s - 56. Let o(x) = -2*x + 66. Calculate the remainder when 417 is divided by o(y).
11
Let m = -149 + 41. Suppose 11*d - d + 890 = 0. Let s = d - m. Calculate the remainder when s is divided by 4.
3
Calculate the remainder when 217 is divided by 0 + (-8355)/(-90) + 1/6.
31
Let n = -25 + 41. Suppose 15*l + 5 = 80. Suppose -4*x + 16 = 0, -s - 2*s + l*x = -112. What is the remainder when s is divided by n?
12
Let j(k) = 12*k - 31. Let q(i) = 25*i - 64. Let w(l) = 9*j(l) - 4*q(l). Calculate the remainder when 15 is divided by w(3).
0
What is the remainder when 3233034/1377 + (-4)/(-34) is divided by 2345?
3
Let l = -3380 - -3547. Calculate the remainder when l is divided by 38.
15
What is the remainder when (0 + 2)*20244/28 is divided by 184?
158
Suppose 2*z + 136 = 2*d, -10*d + 79*z - 81*z + 740 = 0. What is the remainder when 507 is divided by d?
69
Let u = -2771 + 2828. Calculate the remainder when 105 is divided by u.
48
Let m = -2283 + 2297. What is the remainder when 64 is divided by m?
8
Let k = 12 - -17. Suppose -5671 = -128*z + 2786 + 2295. Calculate the remainder when z is divided by k.
26
Suppose 4*f - 168 = 728. Suppose 8*v - 160 = f. What is the remainder when v is divided by 25?
23
Let x = -146678 + 146717. Suppose -2*d = i - 225, -d + 43 = 3*i - 57. What is the remainder when d is divided by x?
37
Let i = -200 - -194. What is the remainder when (27/i)/((-8)/112) is divided by 22?
19
Let q be ((-2)/1)/((-12)/72). Suppose 8*j = -22*j + 390. Calculate the remainder when ((-375)/(-45))/(2/q) is divided by j.
11
Let k = -5146 + 5382. Suppose 0*f + 54 = 2*f. Calculate the remainder when k is divided by f.
20
Suppose -8*i + 52 - 12 = 0. Let u be 2/(i/(-12) - (-2)/3). Suppose 4*w = -3*d - w + u, -3*d + w = -38. Calculate the remainder when 51 is divided by d.
7
Let t = -1381 + 1393. What is the remainder when 638 is divided by t?
2
Let g(y) = 10*y - 101. Let z be g(11). Suppose z*b - 5*b + i - 9 = 0, 0 = 3*b + 4*i - 23. What is the remainder when 15 is divided by b?
0
Let l = 2417 - 2191. What is the remainder when 3840 is divided by l?
224
Suppose 3*f - 51 = -0*f. Suppose 4*p = 8*p - 536. Suppose -4*k + p = -46. Calculate the remainder when k is divided by f.
11
Suppose -95 = -56*t + 2425. Calculate the remainder when 1707 is divided by t.
42
Let s = 4 - -4. Let d = 141 + -104. Let z = 16 + d. Calculate the remainder when z is divided by s.
5
Let k = 89 + -57. Suppose 14*a - 660 + 368 = 562. Calculate the remainder when a is divided by k.
29
Suppose 3*h = -i + 4*h + 772, -4*h = i - 782. Calculate the remainder when i is divided by 386.
2
Let g(y) = y**2 + 3905*y + 42863. Suppose 2*r - 3 + 57 = 4*t, -4*r - 18 = -2*t. What is the remainder when g(-11) is divided by t?
14
Let g(u) = -10*u - 8. Let n be (2*-2)/(-11 - -12). What is the remainder when 155 is divided by g(n)?
27
Let j(x) be the first derivative of -x**3/3 + 11*x**2/2 - x - 1. Calculat